0 - r**4/3 + 5*r**3/6 - r**2/2 - 2*r. Let h be ((-2)/(-6))/((-1)/(-18)). Let s = h + -11. What is m(s)?
-1
Let o(t) = 5 + 2*t + 1 - 4. Let n(f) = f**3 - 6*f**2 + f - 1. Let w be n(6). Determine o(w).
12
Let p(j) be the third derivative of j**2 - 1/24*j**4 + 0 + 0*j**5 + 0*j + 1/120*j**6 + 1/6*j**3. Give p(2).
7
Let d(a) be the first derivative of -a**3/3 + 3*a**2 + 6*a + 7. Calculate d(6).
6
Let j = -2/357 + 45/952. Let t(z) be the third derivative of -2*z**2 + 0 + 0*z - 1/24*z**6 - j*z**4 + 1/6*z**3 + 1/60*z**5. Calculate t(1).
-4
Let a(u) = 37 - 24 + u - 15. What is a(-3)?
-5
Let c(z) = -z**2 - 4*z + 5. Let v be c(-5). Let b(w) = v + 3*w + 1 + 0*w. Calculate b(1).
4
Let l(u) = u**3 - u**2 - 2*u + 2. Suppose 8*c + 3*k - 9 = 11*c, c + 4*k = 22. Determine l(c).
2
Let w(l) = -9*l**2 - 5*l - 1 + 0*l + 3*l. Determine w(-1).
-8
Suppose -5*t + 2*t + 15 = 0. Let l(a) = t - 21*a + 10*a + 10*a. Determine l(5).
0
Let t = -44 + 45. Let w(d) = -14*d**3 + 1. What is w(t)?
-13
Let x(w) = -9*w**2 - 2*w - 1. Let o be 6/8*(-4)/6*2. What is x(o)?
-8
Let d(k) be the first derivative of -k**4/4 - 2*k**3 - 5*k**2/2 - 4*k - 2. Let l be d(-5). Let n(i) = -4 - i**2 + 3 + 2*i + 2*i**2. What is n(l)?
7
Let u = 3 - -1. Suppose -a = u*h - 3, a - 9 = 4*h - 2*a. Let m(k) = k + 2. Calculate m(h).
2
Let l(d) = d**3 + 7*d**2 + 7*d. Let c be 2/(-10) - (-11)/5. Let q be ((-1)/2)/(c/24). Determine l(q).
-6
Let m(b) be the second derivative of -b**5/20 - b**4/2 + b**3/3 + b**2/2 - 6*b. What is m(-6)?
-11
Suppose 4*t - 12 = -3*k, 2*k = 3*t - 2*t + 8. Let y(x) = -2 - 5*x + 5 + 4*x. What is y(k)?
-1
Let m(v) = -v**2 + 16*v - 9. Let p = 147 + -132. Determine m(p).
6
Let c(t) be the third derivative of -t**5/60 + t**4/24 - 5*t**2. Let h = 1 - -1. Determine c(h).
-2
Suppose 3*w + 704 + 27 = 5*p, 2*p = -w - 229. Let n be w/27 - 4/18. Let c = -3 - n. Let l(u) = -u**2 + 5*u + 4. Determine l(c).
-2
Let s(o) = o**3 + 5*o**2 - o - 2. Let h be s(-5). Suppose 28 = c - 5*j, -h*c = 3*j - 2 + 8. Let v(t) = c - 6 - 1 + 2 + t. What is v(0)?
-2
Let s(j) = j**3 + j**2. Let q(l) = -3*l + 19. Let w be q(6). Give s(w).
2
Let u(z) = 2*z**2 + 5*z + 3. Suppose -8*p - 20 = -3*p. What is u(p)?
15
Let j = 9 + -4. Let q = -3 + j. Let r be q/4 + 3/2. Let a(k) = 2*k. Give a(r).
4
Let s(o) = o**3 - 3*o**2 - 2*o. Suppose -b + 1 = -3, -32 = -3*r - 5*b. Give s(r).
8
Let w(g) = g. Let z(c) = -4*c**3 + c**2 + c + 1. Let i be ((-1)/(-3))/((-5)/15). Let b be z(i). Let m be ((-6)/b)/((-6)/15). Calculate w(m).
3
Let c(z) = -5 + 38*z**2 - 81*z**2 + 9*z + 42*z**2. Let w be 2 - 3*1/(-1). Give c(w).
15
Let i = 1 - 5. Let h(l) = 5*l**2 - 10*l + 6. Let p(y) = 4*y**2 - 9*y + 5. Let q(c) = 5*h(c) - 6*p(c). Calculate q(i).
0
Suppose 0 = -21*g + 18*g - 12. Let b(t) be the third derivative of -1/6*t**3 - 1/24*t**4 + t**2 + 0 + 0*t. Determine b(g).
3
Suppose -2*v - 4 = -0, -k + v = -3. Let u(l) = -l - 1 + 3 - 4 + k. Give u(-1).
0
Let q(v) = -v**3 - 3*v**2 + 4*v - 4. Let y be q(-4). Let o(f) = f + 8. Determine o(y).
4
Let t(i) = -i**3 + 2*i + 1. Let s be t(-1). Let u be s*((-7)/2)/(-7). Let y(q) = -q - 15. Calculate y(u).
-15
Let d = 28 - 23. Let n(a) = a - 5. Let l(f) = -6*f + 26. Let i(y) = -2*l(y) - 11*n(y). Determine i(d).
8
Let f = 5 + 0. Let j(s) = -s + 10. Let i(a) = -a + 11. Let d(k) = -5*i(k) + 6*j(k). Calculate d(f).
0
Let b(j) = -2*j**3 + 3*j**2 + 4*j - 2. Suppose 3*h = -5*x - 11, 3*x + 5 = -h + x. Give b(h).
-17
Let j(b) = -b**3 - 8*b**2 - 8*b - 7. Let s = -65 + 58. What is j(s)?
0
Let j(b) = 3 - 2 + 3*b - 2*b + 6. Calculate j(-6).
1
Suppose 0 = 3*m + 7 + 5. Let l(a) be the third derivative of a**4/24 + a**3/6 + a**2. What is l(m)?
-3
Let z(i) = 8*i - 9*i + 4 + 0. Let h = -7 + 11. Calculate z(h).
0
Suppose 3*s - 8*s = 5. Let n(z) = -3*z**2 + z. Determine n(s).
-4
Let n(f) = -6*f. Let j be (-10)/(-2) + (0 - 0). Let b(a) = a + 3. Let s be b(0). Suppose 0 = 2*k + 3*k + o + 1, s*k - j*o + 23 = 0. What is n(k)?
6
Let t(c) = -7*c**3 + c**2 + 2*c + 1. Suppose 1 - 6 = -5*p. Suppose 0 = -2*q - 1 - p. Give t(q).
7
Let v(d) = d**3 + 4*d**2 - 2*d - 6. Suppose k + 21 = 3*x + 3*k, 0 = -3*k. Suppose 3*f + n + x = -0, 4*f + 4*n - 4 = 0. What is v(f)?
2
Let i = 4 - 4. Let t = 3 - i. Let j be t - 0 - (0 - -1). Let q(x) = -2*x + 3. Calculate q(j).
-1
Let a(c) = -c**2 - c + 1. Let v(z) = -3*z**2 - z + 2. Let o(h) = 4*a(h) - v(h). Calculate o(-4).
-2
Let b(w) be the second derivative of w**7/840 + w**6/360 - w**5/40 + w**4/6 + w**3/2 + 3*w. Let v(g) be the second derivative of b(g). Calculate v(-3).
-5
Let n(j) = -2*j - 3. Suppose 6*c + 9 = 3*c. Give n(c).
3
Let s(j) be the second derivative of j**3/6 - 8*j**2 + 15*j. Give s(11).
-5
Let y(g) = 9*g**2. Let v(m) = -m**3 + 3*m**2 + 4*m - 1. Let o be v(4). Give y(o).
9
Suppose -2*j = 3*j - 15. Let h be 63/14*(-4)/j. Let g(x) = x**2 + 4*x - 3. Calculate g(h).
9
Let j(f) be the second derivative of -f**3/3 - 3*f**2/2 - 24*f. What is j(-6)?
9
Let q(g) be the first derivative of 2*g + 3 + 1/2*g**2. Suppose 20 = -2*h - 2*h. Calculate q(h).
-3
Let d(v) = -v. Let x(w) = 3*w - 7. Let o(c) = 2*d(c) + x(c). Let h be o(5). Let i(n) = -2*n**2 - 4*n - 3. Calculate i(h).
-3
Suppose -2*y - 3*h - 16 = -3*y, 3*h + 32 = 5*y. Let q(l) be the third derivative of -1/24*l**y + 0*l**3 - l**2 + 0*l + 0. Determine q(4).
-4
Let k(a) be the second derivative of -a**5/20 + 2*a**4/3 - 7*a**3/6 + a**2 + a + 11. Calculate k(7).
2
Let w(t) be the first derivative of t**3/3 - 2*t**2 + 2*t - 38. Let i be 3/(-1 - -2) + 1. Give w(i).
2
Let m(d) = -2*d**3 - 2*d**2 + 2*d + 3. Suppose -4*k - 14 = -2*x, -2*k = 5*x + 8 + 5. Suppose 5*n - a = 12, -3 = -2*n - a - 1. Let p = k + n. What is m(p)?
7
Let a(k) be the first derivative of -k**4/12 + k**3/6 - 3*k**2/2 + 4. Let i(c) be the second derivative of a(c). What is i(-1)?
3
Suppose 5*h + 1 = 4*b - 4, h = b - 2. Suppose 0 = 4*f + b + 3. Let z(j) = j**3 - 3*j - 1. Calculate z(f).
-3
Let v(q) = q**3 - 5*q**2 + 3*q - 5. Let r = 15 - 3. Let l(t) = -2*t - 3. Let a be l(-3). Suppose 0*h + r = a*h. Calculate v(h).
-9
Let l(x) be the third derivative of -x**5/60 - x**4/4 - 21*x**2. Determine l(-5).
5
Let y(g) = -2*g + 3. Let l(n) = -2*n**2 + n**2 - n + 5 + 6*n. Let c be l(5). Determine y(c).
-7
Let r(i) = 6*i**2 - 1 - 2*i**2 - i**2 - 2*i. Give r(-1).
4
Let x(y) = -6 + 13*y**2 + 17 - 12. Let w = -4 + 5. Calculate x(w).
12
Let j(c) = -c**3 - 2*c**2 - 3*c. Let q be 9/3 + -10 + 5. What is j(q)?
6
Suppose 2*x - 2*g = -2*x + 22, 0 = 2*x + 4*g - 6. Suppose x*u + a = 7, -2*u - 5 = 2*a + a. Let h(r) = -r + r**2 + r**3 - 5*r + 4 + r**u + 4*r. What is h(-3)?
1
Let p = -59 + 55. Let t(b) = -b**2 - 3*b - 2. Determine t(p).
-6
Let i(w) = w**2 + 14*w + 4. Let d be i(-14). Let h(c) = c**3 - c. Let p(q) = -5*q**2 + 6*q - 3. Let b(g) = -h(g) - p(g). Determine b(d).
-1
Let f(m) be the third derivative of -7*m**4/12 + m**3/6 - 20*m**2. Give f(-1).
15
Suppose 0 = -4*j - 0*g - g - 53, -3*j = 2*g + 36. Let m(f) = -16*f. Let r(l) = 5*l. Let v(b) = j*r(b) - 4*m(b). Determine v(-1).
6
Let z(d) = d**2 + 2*d - 2. Suppose -5*p = -3*c + 25, 0 = -p - 3*c + 1 - 6. Let o = p + 2. Give z(o).
1
Let o(d) be the first derivative of -d**4/4 - 4*d**3/3 + d**2 + 3*d - 3. Give o(-4).
-5
Let t(p) = 2*p**3 - 2*p**2 - p + 2. Let g = 19 - 17. Give t(g).
8
Let i(k) = -k**3 + 3*k**2 - k. Let t be 3/(78/(-4)) + 308/143. Calculate i(t).
2
Suppose 2*o + y = 31, 42 = 3*o - 2*y - y. Suppose -5 + o = 2*b. Let s(z) be the first derivative of -z**2/2 + 7*z + 1. Determine s(b).
2
Let i(q) = q**2 + 7*q + 9. Let x(j) be the third derivative of j**5/60 + 7*j**4/24 + 3*j**3/2 - 5*j**2. Let s(d) = -4*i(d) + 3*x(d). Determine s(-6).
-3
Let b(g) = -13*g - 1. Let c(h) = 40*h + 3. Let w(p) = 8*b(p) + 3*c(p). Calculate w(-1).
-15
Let t(b) = -b**3 + 2*b**2 + 2*b - 2. Let l(r) = 3*r**2 - 2*r + 1. Let j be l(1). Let i be t(j). Suppose -8 = -2*k + i. Let d(z) = -z + 3. Determine d(k).
-2
Let g be (15/6)/((-6)/12). Let k(c) = 7*c**2 - 6*c. Let q(p) = -6*p**2 + 5*p. Let n(s) = g*k(s) - 6*q(s). Determine n(1).
1
Let h(u) = -u**3 + 5*u**2 - 6*u + 2. Let c = 1 - 2. Let m = c - -5. Calculate h(m).
-6
Let r(m) = 9*m**2 + m - 2. Let l(w) = w - 1. Let i be 16/(-88) - 35/(-11). Let s(p) = i*l(p) - r(p). What is s(1)?
-8
Suppose 2*z + 22 = -4*r, 2*z = 2*r + 2*r + 10. Let x